e the prime factors of y(6)?
3, 7
Suppose -4*f + 5*r = 0, 3*r - 21 = -f - r. Suppose -2*u - 562 = -f*x - 3*u, 4*x + 2*u = 446. What are the prime factors of x?
113
Suppose 9 = 3*y, -4 = -3*w - 2*y + 14. Let r = 1 + w. List the prime factors of r.
5
Suppose 4*n - 11*n + 854 = 0. List the prime factors of n.
2, 61
Suppose -2*f + 2*j + 12 = 0, -5*j = -5*f - 4*j + 22. Suppose 0 = 3*m + 49 + 32. Let n = f - m. What are the prime factors of n?
31
Let y(g) = g**2 - 7*g + 6. Let x be y(6). Suppose -2*t = -k - 188, -5*t - 3*k + x*k + 492 = 0. What are the prime factors of t?
2, 3
Let s(b) = -b**3 - 37*b**2 + 33*b + 34. List the prime factors of s(-38).
2, 7
Let z(o) = o**3 + 13*o**2 - 7*o - 25. Let h be z(-11). Suppose -5*d + 2*d + h = 0. List the prime factors of d.
2, 7
Let f(s) be the first derivative of -4 + 1/2*s**2 + 0*s. What are the prime factors of f(2)?
2
Let q(h) = 416*h - 130. What are the prime factors of q(9)?
2, 13, 139
Let z(y) = -16*y + 4. Let u(h) = h**3 + 19*h**2 - 13. Let n be u(-19). List the prime factors of z(n).
2, 53
Suppose 2*d + 20 = -38. Let w = 33 + d. Suppose -3*x - 2*x = q - 35, 2*x = w. List the prime factors of q.
5
Suppose 25*p = 24*p + 203. Let r = -73 + p. What are the prime factors of r?
2, 5, 13
Let l(w) = 10*w**2 + 14*w - 23. Let j be l(2). Let b(m) = -56*m - 1. Let r be b(-1). Suppose -5*x = -r - j. What are the prime factors of x?
2, 5
List the prime factors of -3*13/((-39)/(-2))*-859.
2, 859
Let h(a) = -a + 11. Let m be h(6). Let q(s) = s**3 - 6*s**2 + 6*s + 3. Let x be q(m). Suppose 6*j - 2*j - x = 0. What are the prime factors of j?
2
Let o(a) = 3*a**2 + 1. Let y be o(-1). Suppose -4 - y = -4*r. Let z(d) = 4*d**2 + d - 2. List the prime factors of z(r).
2
Let c = -216 + 138. Suppose -g = -2*m + 51, 0*m - 263 = 5*g - 2*m. Let p = g - c. List the prime factors of p.
5
Suppose -217*b + 197*b = -38880. List the prime factors of b.
2, 3
Let m(q) = 502*q - 43. List the prime factors of m(3).
7, 11, 19
Let u = -7 + 9. Suppose u*z - 160 = -2*a + 3*z, 5*a - 400 = -2*z. What are the prime factors of a?
2, 5
Suppose -4 = -a, 2*a = k - 0*a - 4. Suppose 2*h + k - 2 = 0, -4*l = 4*h + 4. Suppose -5*b + 123 = l*g, 4*b - 2*g = 2*g + 120. What are the prime factors of b?
3
Suppose -3*b - 2*d + 46 = 0, -7 = 2*b - 5*d - 25. Suppose 5*c = b*c - 1017. What are the prime factors of c?
113
Let j be 1 + 2 - -1*(3 - -2). Suppose 5*n + j*i - 12*i = 65, -n + 2*i + 19 = 0. List the prime factors of n.
3
Suppose -3*t + 1741 + 1241 = 2*p, -2*t - 2*p = -1988. List the prime factors of t.
2, 7, 71
Let a(c) = c**3 - 18*c**2 - 36*c + 6. List the prime factors of a(22).
2, 5, 23
Let q = 6 + -3. Let j = 134 + -26. Suppose y = -q*y + j. What are the prime factors of y?
3
Let y = 81 + 9. Let u(w) = 6*w + 11. Let p be u(4). Suppose -y = -5*g - 3*v + p, -4*v = 5*g - 130. What are the prime factors of g?
2, 11
Let o = 41 + -35. Suppose -973 = o*a - 13*a. What are the prime factors of a?
139
Suppose -3*a - 5*o + 456 = -2*a, -3*a + 1368 = 4*o. Suppose -3*y + a = -0*y. Suppose 4*g + 4*z = -g + 189, y = 4*g + 4*z. List the prime factors of g.
37
Let c = 39 + -6. What are the prime factors of (-6)/33 - ((-4032)/c - -4)?
2, 59
Let r = 22 - 20. List the prime factors of 1/r - (-405)/10.
41
Suppose -2*q = -10, -2*k - 3*k = q - 165. Let u = 5 + -11. List the prime factors of 4 + u/(-2) + k.
3, 13
Let k = 903 + -547. What are the prime factors of k?
2, 89
Let x be -11*(-3 + (-3 - 9)). Let y = 174 - x. What are the prime factors of y?
3
Suppose -36*n + 30*n = 60. Let a(z) = -z**2 - 1 - 5*z - 8*z - 2*z. List the prime factors of a(n).
7
Let g(d) = d**2 + 7*d + 88. What are the prime factors of g(21)?
2, 13
Let j(c) = 4 + c**3 - 3*c + c - 1 - 7*c**2. Let l be 12/(-2*9/(-12)). What are the prime factors of j(l)?
3, 17
Let x(r) = 6*r**2 + 5*r + 46. List the prime factors of x(-4).
2, 61
Let s(u) = -u**3 + u + 1. Let j(b) = -8*b**3 + 7*b + 4. Let t(o) = j(o) - 6*s(o). What are the prime factors of t(-2)?
2, 3
Suppose 3*n + 2*q + 60 + 4 = 0, 4*n + 116 = 5*q. Suppose 4*h = -5*a + 244, -4*a + 8*a - 195 = -3*h. Let y = n + a. List the prime factors of y.
2, 3
Suppose -2*l = 4*q - 16, -3*q + 4*l = -0*l + 10. Suppose -8 = -q*d - 2. Let a = 21 - d. List the prime factors of a.
2, 3
Let l(s) be the first derivative of -s**4/4 - 2*s**3 - 5*s**2/2 + 4*s - 5. Let x be l(-5). What are the prime factors of 6/(x/(-4)*-2)?
3
Let a = 591 - -1452. What are the prime factors of a?
3, 227
Let k = 486 + 1027. List the prime factors of k.
17, 89
Let i be ((-2)/1)/(-2) - 1. Suppose 4*o - 6*o + 22 = i. Suppose -2*b + 9 = 3*c - o, -3*b - 4*c + 31 = 0. List the prime factors of b.
13
Let o = -1959 - -3106. List the prime factors of o.
31, 37
List the prime factors of (500/14)/(15/105).
2, 5
Let k(r) = r**3 - 7*r**2 + 2*r + 1. Let t(c) = -2*c**2 - 6*c - 8. Let u be t(-4). Let s = u + 23. What are the prime factors of k(s)?
3, 5
Let q(d) = 2*d - 5. Let g be q(3). Let a be 3 + g/1 + 0. Suppose 0 = -5*x + a*x + 6. What are the prime factors of x?
2, 3
List the prime factors of 1/4 - (-221122)/88.
7, 359
Suppose 4*f + 3*k = 11, 10 = 5*f + 5*k - 2*k. What are the prime factors of f/3 - -554*(-1)/(-6)?
2, 23
Let t(r) = 51*r + 72. What are the prime factors of t(26)?
2, 3, 233
List the prime factors of (-140100)/(-108) - 12/54.
1297
Suppose 0 = -0*u + 3*u + 159. List the prime factors of (-2)/(-1 - -3) - u.
2, 13
Let k(f) = -11*f**3 - 2*f + 1. Let c be k(1). Let q be (14/21)/((-2)/c). Suppose -w + 31 = 2*n, 0*n - q*w = -2*n + 6. List the prime factors of n.
13
Let x(s) = -s**2 - s + 2. Let y be x(-2). Suppose z + 9*z - 270 = y. What are the prime factors of z?
3
Suppose -5*y = 3*f + 8 - 40, -5*y = 2*f - 28. Suppose 0 = -y*s - s - 5. Let k = s + 16. What are the prime factors of k?
3, 5
Let b be (-4)/14 + 36/(-21). Let d(o) = 88 - 86 - 7*o - 3*o. List the prime factors of d(b).
2, 11
Let j be (0 - 6)*(2 - 1). List the prime factors of (-16 - -10)/(j/4).
2
Let j be 2 - (-345)/10 - 3/2. Suppose q = 297 - j. What are the prime factors of q?
2, 131
Let r(x) = -x**2 - 1. Let c(b) = 2*b**2 + 40*b - 10. Let o(u) = -c(u) - 5*r(u). List the prime factors of o(17).
2, 101
Suppose 2*v + 15628 = -2*l, 4*v + 15612 = -2*l + 6*v. List the prime factors of l/(-65) + (-4)/26.
2, 3, 5
Suppose 5*f = 15, 5*t + 0*t = -4*f + 17. Let k be (-1)/(-3) + t/(-3). Let r = 4 - k. List the prime factors of r.
2
Suppose -10*l + 9 = -7*l. Suppose 4*w + l - 9 = v, -v = -3*w + 4. Suppose 2*i - u = -3*u + 38, -w*i + u = -50. What are the prime factors of i?
23
Let y be (0 + (-2)/(-6))*15. Let r(f) be the first derivative of -f**4/4 + 2*f**3 - 3*f**2 + 7*f + 6. What are the prime factors of r(y)?
2
Suppose 5*r = 3*w - 50, r - 3*w - 2 = -0*r. Suppose -8 = 2*i, -4*o + 0*i + 104 = 3*i. Let x = r + o. What are the prime factors of x?
2
Let d(j) = -6*j**3 + 3*j**2 + j - 1. Let y be d(-2). Suppose -b = 3*f - 131, -3*f - 4*b + y + 71 = 0. List the prime factors of f.
2, 11
List the prime factors of (-25)/25 + (-125)/(-2)*2.
2, 31
Suppose 0 = 3*p - 4*c + 3*c - 1382, -4*p + 1843 = -c. List the prime factors of p.
461
Let w = 6 - 4. Let d(x) = -x**3 - 12*x**2 + 8*x - 62. Let a be d(-13). Suppose 5*s - 41 + a = 2*p, 0 = 3*s - w*p - 22. What are the prime factors of s?
2
Let k(x) = x**2 - 23*x + 5. Let f be k(23). Suppose -5*t + 3*a = -351, 2*t - t - 59 = -f*a. What are the prime factors of t?
3, 23
Let u = -127 - -435. Suppose 3*s - 419 = 2*t, -2*s - 31 + u = t. What are the prime factors of s?
139
Suppose 3*z + 5*n = 635, 3*z - 9*n - 655 = -10*n. What are the prime factors of z?
2, 5, 11
Suppose 19*h = 22*h - 9. Suppose -5*j + a = -h*a - 90, -49 = -2*j - a. List the prime factors of j.
2, 11
Suppose -4*q - 30*w + 2746 = -33*w, -2*w - 684 = -q. What are the prime factors of q?
2, 43
Let t = -625 - -1563. What are the prime factors of t?
2, 7, 67
Suppose -3*g + 524 = 4*z, -2*g - 12*z = -14*z - 354. List the prime factors of g.
2, 11
Suppose 4*t + 44*t = 18288. List the prime factors of t.
3, 127
Let w be 0/(-1 - (3 + -2)). Suppose w = 4*a - 0 - 8. What are the prime factors of 0 + a + 115/5?
5
Suppose 4*n + 13 = -3*o, -2*o + 6 = -n + 11. Suppose 4*b + 3*j = 101, 111 = 4*b - 4*j - 25. Let q = n + b. What are the prime factors of q?
2, 7
Suppos